 - 2242*l - 82. Calculate r(-70).
58
Let i(g) = 37264*g - 335378. Calculate i(9).
-2
Let m(z) = -1625794*z + 3. Give m(0).
3
Let z(g) = 34506*g + 793632. Determine z(-23).
-6
Let u(i) = i**3 - 352*i**2 + 25805*i - 3232. Determine u(248).
-8
Let z(u) = -58*u - 783. Determine z(-4).
-551
Let t(r) = -r**3 + r**2 - 624*r - 1905. Give t(-3).
3
Let w(r) = -9*r**2 + 634*r + 230. Calculate w(71).
-125
Let n(z) = 2*z**3 - 84*z**2 + 99*z - 683. Give n(41).
14
Let s(y) = y**2 + 60*y + 379. Give s(-13).
-232
Let h(u) = -u**3 - 11*u**2 + 5009*u + 55255. What is h(-11)?
156
Let g(z) = 7463*z + 59837. Calculate g(-8).
133
Let k(g) = g**3 + 275*g**2 + 7980*g - 1391. Determine k(-242).
61
Let f(j) = -218948*j + 2. Give f(0).
2
Let d(o) = -454*o**2 - 1387*o - 49. Give d(-3).
26
Let d(y) = 2*y**3 + 205*y**2 + 3550*y + 2678. Give d(-21).
11
Let q(p) = p**2 + 55*p - 1603. Determine q(-74).
-197
Let h(n) = 2*n**3 - 6*n**2 - 597*n - 3692. Give h(-7).
-493
Let u(j) = 66068*j + 66080. Determine u(-1).
12
Let u(p) = 565*p**3 - 6782*p**2 + 25*p - 26. Give u(12).
-14
Let g(s) = 415*s**2 + 21993*s - 42. Determine g(-53).
64
Let u(v) = 61*v**3 - 5611*v**2 - 112*v + 1794. What is u(92)?
-46
Let s(t) = -13956*t - 2498139. Give s(-179).
-15
Let t(o) = 21531*o + 839702. What is t(-39)?
-7
Let w(i) = 3195*i**3 - 96*i**2 + 89*i + 6. Determine w(1).
3194
Let c(z) = z**3 - 16*z**2 + 171*z - 3858. Determine c(18).
-132
Let j(l) = -22*l**2 + 281*l + 2000. Give j(-7).
-1045
Let v(p) = -p**3 - 27*p**2 - 99*p - 29. Give v(-19).
-1036
Let b(t) = -1588*t + 290642. What is b(183)?
38
Let h(k) = -12*k**2 + 10185*k - 10187. Give h(1).
-14
Let u(j) = -2*j**2 - 103*j - 1138. Calculate u(-26).
188
Let r(s) = s**3 - 45*s**2 + 128*s + 370. Give r(40).
-2510
Let a(o) = 23347*o + 162535. Determine a(-7).
-894
Let r(u) = 3303*u - 7963528. What is r(2411)?
5
Let h(p) = -2*p**3 + 130*p**2 - 112*p + 8969. Calculate h(65).
1689
Let a(z) = -z**2 - 471*z - 37123. Give a(-100).
-23
Let m(j) = 799*j + 4806. What is m(-7)?
-787
Let z(j) = 2496*j - 64953. Give z(26).
-57
Let m(n) = -79*n**2 + 4977*n - 2. What is m(63)?
-2
Let w(h) = -28808*h + 431919. Determine w(15).
-201
Let m(z) = -2*z**3 - 10357*z**2 - 93018*z + 297. Calculate m(-9).
0
Let y(v) = -13079*v - 4054477. Calculate y(-310).
13
Let m(f) = f**3 + 59*f**2 + 52*f - 374. Determine m(-3).
-26
Let y(c) = -34*c**3 - 21143*c**2 + 3065*c - 27990. What is y(-622)?
0
Let c(p) = 82*p - 292. Determine c(-12).
-1276
Let z(k) = 34162*k**2 + 170818*k + 2. Give z(-5).
-38
Let d(m) = m**2 - 370561*m + 741123. Determine d(2).
5
Let o(z) = 4*z**3 + 63*z**2 - 287*z + 157. Calculate o(-19).
917
Let c(s) = 2968*s - 510495. Calculate c(172).
1
Let l(b) = 74935*b - 149870. What is l(2)?
0
Let v(h) = 48*h**3 - 362*h**2 + 207*h - 178. Calculate v(7).
-3
Let z(y) = -2435*y - 68610. Determine z(-28).
-430
Let c(t) = -4*t**3 + 28*t**2 - 125*t + 118. Give c(1).
17
Let l(p) = p**3 - 1726*p**2 - 27779*p - 162022. Calculate l(1742).
-16
Let j(y) = y**2 + 661*y - 262358. Give j(279).
-98
Let u(n) = -16*n**3 - 2721*n**2 - 147*n + 3917. What is u(-170)?
7
Let n(x) = 12*x**2 - 318*x - 251. Calculate n(27).
-89
Let z(y) = -13380*y - 13282. Calculate z(-1).
98
Let p(v) = -v**3 + 8*v**2 - 65*v + 398. Calculate p(6).
80
Let o(h) = -34*h**2 + 26*h - 28. What is o(4)?
-468
Let u(i) = 4920*i - 2686295. Give u(546).
25
Let u(z) = -5881*z - 117610. Calculate u(-20).
10
Let x(o) = -9*o**3 - 78*o**2 - 261*o - 1696. Determine x(-8).
8
Let c(z) = -2*z**3 - 108*z**2 + 230*z + 4834. What is c(-6)?
-2
Let k(o) = -9*o**3 - 174*o**2 - 220*o - 5. Determine k(-18).
67
Let l(h) = 1214*h**2 - 23064*h - 21. Determine l(19).
17
Let z(f) = f**3 - 21*f**2 - 14*f + 418. Determine z(14).
-1150
Let h(v) = v**2 + 130304*v + 9246549. Determine h(-71).
6
Let m(r) = r**2 - 535046*r - 3210247. Determine m(-6).
65
Let g(u) = -4704*u + 103493. Give g(22).
5
Let j(h) = -3*h**3 - 406*h**2 + 3664*h + 122. What is j(9)?
-1975
Let w(s) = -s**3 - 146*s**2 - 1361*s - 132. Determine w(-136).
4
Let b(o) = 17360*o - 34654. What is b(2)?
66
Let m(v) = -4*v**3 + 14*v**2 + 398*v + 732. Give m(-2).
24
Let c(t) = 2*t**2 + 55*t + 85. Give c(-15).
-290
Let c(y) = -684*y + 22166. What is c(35)?
-1774
Let p(r) = r**3 + 62*r**2 + 902*r - 1160. Calculate p(-27).
1
Let c(w) = w**3 + 35*w**2 + 275*w + 7. What is c(-8)?
-465
Let x(p) = 1848*p + 13163. Determine x(-8).
-1621
Let q(f) = f**3 - 134*f**2 + 267*f - 548. Determine q(132).
-152
Let m(s) = s**3 + 73*s**2 - 221*s - 289. Give m(-76).
-821
Let i(c) = -c**3 - 33*c**2 - 44*c + 443. What is i(-5)?
-37
Let o(s) = s**2 - 2608*s + 641569. Give o(275).
-6
Let z(t) = -10124*t - 273335. Calculate z(-27).
13
Let j(x) = 3*x**3 - 640*x**2 - 408*x - 4325. Give j(214).
-45
Let h(s) = -7981*s - 2937011. Calculate h(-368).
-3
Let q(j) = 3*j**2 - 414*j - 108136. What is q(271)?
-7
Let g(p) = -132*p**2 - 2919*p + 64. Determine g(-22).
394
Let g(k) = k**3 - 395*k**2 + 9024*k - 2871. Give g(24).
9
Let l(n) = 2*n**2 + 54*n + 13. Give l(-27).
13
Let r(y) = -y**3 + 99*y**2 + 633*y - 191. Calculate r(105).
124
Let p(y) = 26382*y + 52765. What is p(-2)?
1
Let x(d) = 3*d**2 + 3424*d + 10281. Calculate x(-3).
36
Let u(m) = 41460*m - 165756. Determine u(4).
84
Let f(r) = 55*r**2 - 88*r - 108. Determine f(-5).
1707
Let h(c) = -2695682*c - 16174107. Calculate h(-6).
-15
Let x(r) = 66*r - 598. Calculate x(12).
194
Let v(s) = -s**2 + 4520*s - 27110. Determine v(6).
-26
Let r(f) = -f**2 - 449*f - 50456. Calculate r(-217).
-112
Let i(f) = f**3 - 44*f**2 + 98*f - 2431. Give i(43).
-66
Let s(l) = 3*l**3 + 500*l**2 - 217*l - 8349. Give s(-167).
1
Let z(p) = -7*p**3 + 163*p**2 - 189*p - 63. What is z(22)?
135
Let m(y) = -163*y - 23827. Determine m(-135).
-1822
Let l(b) = b**2 + 2088*b - 2050040. What is l(728)?
8
Let a(q) = -3383*q + 26334. What is a(8)?
-730
Let k(p) = -2*p**2 + 1011*p - 61697. Determine k(71).
2
Let w(a) = -16408*a + 378171. Determine w(23).
787
Let w(u) = -u**3 - 86*u**2 - 7*u + 142. Give w(-86).
744
Let a(x) = -x**2 + 147*x + 36403. Calculate a(278).
-15
Let d(j) = -13*j**2 + 79*j + 74. Give d(-8).
-1390
Let m(r) = 16*r**3 + 8*r**2 - 10*r - 37. Determine m(-3).
-367
Let o(w) = -1676*w - 720701. What is o(-430)?
-21
Let m(u) = u**3 - 97*u**2 + 827*u - 2591. Calculate m(88).
489
Let z(b) = 941*b + 354331. Determine z(-377).
-426
Let p(a) = -a**3 + 28*a**2 - 110*a + 293. What is p(24)?
-43
Let y(q) = 537*q - 126972. Determine y(237).
297
Let t(z) = z**2 + 153*z + 4256. Calculate t(-42).
-406
Let a(y) = 3*y**2 + 1777*y + 58516. Determine a(-35).
-4
Let l(f) = -f**2 + 875*f + 56092. Calculate l(-60).
-8
Let j(b) = -b**3 - 18*b**2 + 165*b + 2415. Calculate j(-10).
-35
Let n(d) = -22*d**2 - 430*d + 103328. Give n(-79).
-4
Let s(i) = -11930*i + 3459667. Determine s(290).
-33
Let p(c) = -c**2 - 54*c + 271. What is p(14)?
-681
Let m(g) = -175*g**2 + 8924*g - 23. Determine m(51).
-74
Let t(n) = 141*n + 76. Determine t(1).
217
Let r(w) = -385*w - 31446. Calculate r(-89).
2819
Let h(f) = f**3 + 17*f**2 - 137*f - 1502. Calculate h(-9).
379
Let b(u) = 3398*u + 3668. What is b(-1)?
270
Let d(k) = -4*k**3 + 41*k**2 + 268*k + 247. Calculate d(15).
-8
Let n(z) = -3608*z + 3517792. What is n(975)?
-8
Let t(p) = 444*p**2 + 20870*p + 95. Give t(-47).
1
Let s(w) = 535*w**2 + 11768*w + 76. What is s(-22)?
120
Let y(v) = 4222*v + 169104. Give y(-40).
224
Let x(n) = -2578*n**2 - 5088*n - 15. Give x(-2).
-151
Let w(d) = 11*d**2 - 229*d + 1113. Give w(13).
-5
Let k(d) = 17*d**2 + 2435*d - 8. Give k(0).
-8
Let s(a) = -4813*a - 81833. Give s(-17).
-12
Let r(n) = -4*n**3 + 571*n**2 + 131*n + 1725. What is r(143)?
9
Let p(v) = 3*v**3 - 17*v**2 + 18*v + 1. Calculate p(2).
-7
Let y(b) = -4*b**2 - 229*b + 1295. Calculate y(-61).
380
Let y(c) = -32*c**2 + 253*c + 1574. Determine y(-6).
-1096
Let n(b) = 107*b**2 - 103*b - 774. Calculate n(4).
526
Let a(v) = 10*v**2 - 3236*v - 36841. Calculate a(-11).
-35
Let j(n) = -96*n + 873. What is j(16)?
-663
Let v(p) = p**2 - 336*p + 21557. Determine v(88).
-267
Let z(h) = 1703*h + 859789. What is z(-505)?
-226
Let w(r) = 18*r**3 + 130*r**2 + 2*r - 141. Calculate w(-7).
41
Let r(v) = 106630*v + 959667. What is r(-9)?
-3
Let p(v) = -279*v**3 + 6976*v**2 - 25*v - 23. Give p(25).
-23
Let m(a) = -